2. Determine g(t).
5
Let r(k) = k**2 - 20*k + 23. Suppose -2*t + 44 = 2*p, -7*t = -0*p + p - 46. Determine r(p).
-13
Suppose -20 = -4*b, -2*p + 2*b - 9 = -3*b. Let f(l) = 4*l**2 + l - 3. Let n(c) = -75*c**2 - 24*c + 53. Let m(z) = 19*f(z) + n(z). What is m(p)?
20
Let d(r) = -r**3 - 70*r**2 - 1102*r + 55. Let t be d(-24). Suppose -3*j + 16 = -2*j. Let l(k) = -3*k - 2 + 15*k**2 + 8*k + 3 - j*k**2. Calculate l(t).
-13
Let p(b) be the first derivative of 1/3*b**3 - 2*b**2 + 0*b + 33. Let w = -7 + 10. Determine p(w).
-3
Let d(o) = o**3 - 5*o**2 - 6*o - 3. Let f(t) = -2*t. Let r(c) = -3*c**2 + 28*c + 34. Let s(w) = -6*f(w) + r(w). Let j be s(14). Calculate d(j).
-3
Let w(m) be the second derivative of m**4/12 - 3*m**2/2 - 3*m. Suppose -20*j = -1159 + 4339. Let g = j + 159. Determine w(g).
-3
Let y(s) = -7 - 2 - 8 - s. Let k be (0/(0 - 1 - -2))/(110 + -111). Give y(k).
-17
Let v be -6 - 0 - (-13 + 3 + 15). Let i(n) = -2*n**2 - 25*n - 29. Calculate i(v).
4
Let n(s) = 10*s + 3. Let i(b) = -b. Let k(j) = -5*i(j) - n(j). Let g(o) = 9*o + 6. Let h(u) = -3*g(u) - 5*k(u). Determine h(-4).
5
Suppose -o + 3 = 0, 9*l = 12*l + o + 24. Let d(c) be the first derivative of c**3/3 + 5*c**2 + 4*c + 407. Calculate d(l).
-5
Let h(i) be the first derivative of -i**4/12 - i**3/2 - 42*i - 80. Let z(y) be the first derivative of h(y). Suppose 4*k = -0*k - 16. Calculate z(k).
-4
Let f(i) = 40*i**3 - 4*i**2 - 5*i - 5. Let d(k) = 118*k**3 - 13*k**2 - 16*k - 17. Let b(s) = 2*d(s) - 7*f(s). Give b(-1).
44
Let t(x) be the first derivative of -x**3/3 - 7*x**2 + 4*x + 639. Determine t(-16).
-28
Suppose -4*v - 40 = -5*n, 4*n + 13*v - 38 = 15*v. Let q(t) = -10*t + 114. Let o(d) = 5*d - 56. Let i(g) = 7*o(g) + 4*q(g). Give i(n).
4
Let o = -8 + 0. Let p(c) be the first derivative of 9*c + 7/3*c**3 + 53 + 1/4*c**4 - 3*c**2. Determine p(o).
-7
Let j(q) = q**2 + q. Let t(c) = 18*c**2 + 4*c. Let r(v) = -5*j(v) + t(v). Suppose 53 = n + 2*k, -3*n + 167 = k + k. Let w = n + -58. Give r(w).
14
Let z(d) = -108*d**2 + 125*d - 74. Let i(m) = -44*m**2 + 64*m - 38. Let n(t) = -5*i(t) + 2*z(t). Determine n(17).
8
Suppose -m + 67 - 65 = 0. Let g(a) = 52*a**2 - 97*a**m - 21*a**3 + 46*a**2. Let t(w) = w**3 + 18*w**2 + w + 17. Let f be t(-18). Calculate g(f).
22
Let k be 456/(-16)*6/(-9). Let j(z) = -55 + 16 - 4*z + k + 22. Determine j(8).
-30
Let f(x) = -132*x - 258. Suppose 3*v = 2*n - 14, -20 = -2*n - 31*v + 35*v. Determine f(n).
6
Suppose -a - 4*w - 22 = 0, 3*w = -2*a - 19 - 15. Let z(v) = -v + 1. Give z(a).
15
Let m(g) = -g**3 - 3*g**2 + 2*g - 10. Let b = -923 + 927. Suppose -f - 19 = 3*r, -b*f + 147*r - 41 = 152*r. Give m(f).
-2
Let k(o) = o**3 - 23*o**2 - 52*o - 37. Suppose -w - 32 = -m, 56*m - 54*m - 71 = 3*w. Determine k(m).
-87
Let u(y) be the second derivative of 8*y**3/3 - 56*y**2 - 1286*y. What is u(7)?
0
Suppose 2*n - 65 = -13. Let k = n + -2. Let f = k + -33. Let d(s) = s + 4. Calculate d(f).
-5
Let i(d) = d**3 - 5*d**2 + 4*d - 7. Let v = -547 - -553. Let c be -2 - -21*v/18. Give i(c).
13
Let t(g) = -g**3 + 3*g**2 - 4. Let y(k) = k**3 - 34*k**2 + 39*k - 196. Let b be y(33). Give t(b).
0
Let s(u) be the first derivative of 7*u**2/2 + 45*u - 6496. Determine s(-8).
-11
Suppose -19*h + 22*h = -3. Let w be (h/(-1))/((-10)/(-20)). Let r(m) = 2*m + 2*m + 3*m + 3*m**2 - 4*m**w. Give r(7).
0
Let n(j) = -2*j**3 + 8*j**2 - 36*j + 241. Let p be n(5). Let f(o) be the second derivative of -o**2 + 0 - p*o - 1/6*o**3. Calculate f(-3).
1
Let o(h) = -4*h**3 - 2*h**2 + 7*h. Let k(q) = -q**3 - q**2 + 2*q. Let g(u) = -7*k(u) + 2*o(u). Let w = 10895 - 10893. What is g(w)?
4
Let z(o) be the third derivative of o**6/120 + o**5/6 + o**4/2 + 13*o**3/6 - 1570*o**2. Determine z(-8).
45
Let x be (-5 - (6 - 6)) + 20. Let j(h) = -13*h + x*h - 3*h. Determine j(1).
-1
Suppose 0 = 3*k, -4*k = b - 4*b - 18. Let r be (-3)/b + ((-3)/2 - 6). Let p(j) = -j + 10. What is p(r)?
17
Let s(d) = d**3 - 18*d**2 - d + 22. Let o(y) = -y - 12. Let p be o(-30). Calculate s(p).
4
Let d(w) = -w**3 - 21*w**2 + w + 19. Suppose -3*g + 27*g = -504. Calculate d(g).
-2
Let s(x) = -x**2 + 5*x + 20. Suppose 49*t - 15 = 52*t - 5*p, -t - 8 = -2*p. Determine s(t).
-30
Let f(s) be the first derivative of s**2/2 + 4*s + 1801. Give f(-9).
-5
Let h(n) = -n**2 + 26*n - 80. Let p be h(20). Let i(q) = 2*q - 41 - p + 81. Give i(-3).
-6
Let h(g) = 4 - 983*g + 14 + 993*g. Give h(-4).
-22
Let w = -79 + 84. Let v(t) = 122 - 238 + 115 - w*t. Calculate v(-4).
19
Let f(r) = r**3 + r**2 + 7*r - 9. Let k(x) = 95*x - 4940. Let h be k(52). Determine f(h).
-9
Let k(z) = 5*z - 67. Let a = -15 + 29. Let l be k(a). Let r(v) = v**3 - 3*v**2 - v + 1. Determine r(l).
-2
Let u be (-9)/6 - (-4)/(-8). Let f be (-8)/28 - (u - (-2)/(-7)). Let i(o) = -2*o**f - 3 + 2 + 0*o**2 + 4*o**2. What is i(-2)?
7
Let f(w) = w + 1. Let c(p) = p**2 + 3*p + 5. Let o(m) = -c(m) + 6*f(m). Suppose -274*y - 762 = 107*y. Give o(y).
-9
Let c(i) = -12*i**2 - 119*i - 36. Let p(x) = -7*x**2 - 60*x - 14. Let g(b) = -2*c(b) + 5*p(b). Determine g(-6).
-22
Let n(p) = -p**3 - 16*p**2 + 16*p - 25. Let x(h) = -80*h + 943. Let q be x(12). Give n(q).
-8
Suppose -4*w + 40 = -4*f - 0*w, 3*f + 20 = w. Let k(j) be the first derivative of j**3/3 + 3*j**2/2 + 4*j - 47689. What is k(f)?
14
Let g be 921/6 + (-45)/18. Let v = -116 + g. Suppose -2*m - 5*x = -v, 3*x - x - 46 = -4*m. Let q(h) = -h + 13. What is q(m)?
3
Let f(a) = a + 8. Let z(v) = -23*v + 178. Let x be z(6). Suppose x*h + 240 = 10*h. Give f(h).
0
Let x = -79 - -88. Let t be ((-12)/x)/4 - 14/21. Let m be 4/(t - (-9)/3). Let a(y) = -y + 3. Determine a(m).
1
Let p(y) = -91*y + 274. Let w be p(3). Let u(z) = -9*z**2 - 53*z + 54. Calculate u(w).
-8
Suppose 6 = -n + 4, -4*n = 3*h + 659. Let q = 219 + h. Let y(b) = -6*b - 5. Let j(o) = -1. Let k(c) = 5*j(c) - y(c). Calculate k(q).
12
Let n(z) = -z**2 + 2*z + 8. Let a(v) = -14*v + 6 - 14*v + 59*v - 11*v - 14*v**2 + 2*v**3. Let m be a(5). Determine n(m).
-16
Let f(u) = -6*u + 27 - 7*u + 106 - 41 + 32. Let c be f(10). Let t(o) = o - 1. Let s(a) = -6*a + 12. Let m(q) = s(q) + 8*t(q). Calculate m(c).
-8
Let l(k) be the first derivative of 1 + 0*k**2 + 4*k + 1/4*k**4 + 11/3*k**3. Determine l(-11).
4
Let l(k) = 3*k + 7. Let t(x) = -36*x - 38. Let f(y) = 5*l(y) + t(y). Calculate f(-2).
39
Let f(o) = -o**2 + 13*o + 7. Suppose 15*z = 58 + 137. Calculate f(z).
7
Let c be 4*(-35)/(-20) - -5. Let t(o) = 5*o - 97. Calculate t(c).
-37
Let s(p) = -p**3 - 5*p**2 - 15*p - 49. Let i be s(-5). Let f be (-2)/4*i/(-13). Let c(j) = -4*j**3 - j**2. Calculate c(f).
-5
Let d(f) = f**3 + 3*f**2 - 5*f - 6. Suppose -2*q + 15 = p, 4*q - 51 = 20*p - 15*p. Suppose -l = -5*s + q, 10*s = 5*s + 5. What is d(l)?
-2
Let k(z) be the third derivative of -z**4/8 - z**3 + 591*z**2. Determine k(5).
-21
Suppose l = 2*b - 9, -l + 9 = -0*l + 4*b. Let r(o) = -4 + 1866*o + 0 - 1865*o. Determine r(l).
-7
Let o(l) be the first derivative of -l**4/4 - 4*l**3/3 + 17*l**2/2 + 15*l + 4694. What is o(-6)?
-15
Let r(q) = 3*q. Let p be ((2 + -2)/(-2))/2 - -17. Let g(y) = -y**3 + 19*y**2 - 31*y - 56. Let w be g(p). Calculate r(w).
-15
Let s(l) = -l**2 - 11*l + 16. Suppose -48 = 4*a - 5*o, 34*o = -2*a + 32*o - 24. What is s(a)?
4
Let x be (-12)/(-9) + 536/12. Let q = x - 59. Let y = -12 - q. Let r(m) = m - 2. What is r(y)?
-1
Let u = 16235 - 16231. Let t(n) = 21*n + 8. Calculate t(u).
92
Let r(d) = -d**2 + 5*d - 1. Let h be 7 - -6*(-4)/8. Suppose -p = -4*a + 12, 10 = -a - h*p - 4. Suppose -4*y = -a*i - 28, 2 = -i - 2. Give r(y).
-1
Let y(g) = 758*g - g**3 - 765*g + 2 - 7*g**2 - 9*g**2 + 8*g**2. What is y(-6)?
-28
Let b(z) = z**3 + 2*z**2 - z - 2. Let k = -7 + 13. Let w(t) = -2*t**3 - 126*t**2 + t + 64. Let d be w(-63). Let p be k*d*4/(-8). What is b(p)?
-8
Let w(p) be the second derivative of -p**5/10 + p**4/2 - p**3/6 + p**2 - 10*p. Let y(j) = -j**3 + 49*j**2 + 58*j - 396. Let s be y(50). What is w(s)?
-34
Let o(i) = 2*i**3 - 2*i - 3*i**3 - 5*i**2 + 4 - 10. Let z = 92122 - 92127. What is o(z)?
4
Let h(f) = 104*f**2 + 12*f + 16. Let b(l) = -259*l**2 - 24*l - 32. Let j(v) = -2*b(v) - 5*h(v). Give j(-7).
-30
Let j(r) = -r - 20. Let i(h) = h. Let c(s) = -2*i(s) - j(s). Let b be c(0). Let w be ((-5)/(75/18))/((-4)/b). Let y(d) = d + 3. Give y(w).
9
Let g(a) = -8*a + 18*